22102?
-13122121
In base 10, what is -2179 - -121?
-2058
In base 15, what is -4c870 - 4?
-4c874
In base 10, what is -45507 + -85?
-45592
In base 2, what is -100 - 10000011100001?
-10000011100101
In base 12, what is -b + 342aa?
3429b
In base 7, what is -14362 - -522?
-13540
In base 11, what is -a - -1218a5?
121896
In base 2, what is -100011110001100100100 + 11?
-100011110001100100001
In base 10, what is -65 - -526?
461
In base 15, what is d8e3e8 - -3?
d8e3eb
In base 8, what is -1646 - -2325?
457
In base 12, what is 26b1 + 67?
2758
In base 5, what is 433030 - -4?
433034
In base 4, what is -31 + -101230?
-101321
In base 15, what is 37070 - 2?
3706d
In base 6, what is -1 - -30005?
30004
In base 11, what is -10 + 3827?
3817
In base 14, what is 57 + -88b?
-834
In base 5, what is -1143334 - 240?
-1144124
In base 10, what is 17 - -27176?
27193
In base 13, what is -28 + 78?
50
In base 16, what is 473 + -2?
471
In base 3, what is 2221220 + 112020?
10111010
In base 14, what is 15c + -288?
-12a
In base 9, what is -11614280 - -2?
-11614277
In base 9, what is 16 + -42140?
-42123
In base 3, what is -11221211 + 1201201?
-10020010
In base 11, what is a26 - 17?
a0a
In base 8, what is 46 - 516?
-450
In base 5, what is -10 + 21210?
21200
In base 12, what is 11 + -1b512?
-1b501
In base 5, what is -3 + 24341434?
24341431
In base 16, what is -48 - -57?
f
In base 15, what is b77db + -10?
b77cb
In base 2, what is -101 + -100000011001000000?
-100000011001000101
In base 10, what is -10076 + 55?
-10021
In base 14, what is 5 - -7649?
7650
In base 14, what is 7 + -2714?
-270b
In base 10, what is -43 - -629?
586
In base 3, what is 21222 + 1110112?
1202111
In base 10, what is 77819 + 0?
77819
In base 4, what is 10 + 330222201?
330222211
In base 9, what is 2825 + 22?
2847
In base 2, what is 0 + 1000110000011101110?
1000110000011101110
In base 9, what is 212 - -1201?
1413
In base 10, what is -3 + 3969?
3966
In base 4, what is 131202120 - -22?
131202202
In base 13, what is 41 + -22?
1c
In base 8, what is -742 + 53?
-667
In base 6, what is 52303 - 51?
52212
In base 3, what is 1 - 220121011?
-220121010
In base 12, what is -8a - 2b?
-b9
In base 8, what is 1 + 3203?
3204
In base 4, what is 200 - 1012302?
-1012102
In base 16, what is -f1 - 947?
-a38
In base 12, what is -a60b - 2?
-a611
In base 7, what is -3330 + -15620?
-22250
In base 8, what is -1633 + 3705?
2052
In base 12, what is aa - 1473?
-1385
In base 11, what is -a86 + -112?
-1098
In base 14, what is -37 + -d7?
-130
In base 3, what is -2 + -120212101?
-120212110
In base 13, what is -9 - -29c4?
29b8
In base 5, what is -43 + 1234124?
1234031
In base 16, what is -6c + d9?
6d
In base 8, what is 1757 + -512?
1245
In base 13, what is 78b + 3?
791
In base 4, what is -1122203010 + -23?
-1122203033
In base 8, what is 47430 + -17?
47411
In base 10, what is -2 + -88168?
-88170
In base 14, what is -5a0 - -35?
-569
In base 7, what is 22325 - 0?
22325
In base 3, what is -11000212 - 10101?
-11011020
In base 9, what is 62 - 33313?
-33241
In base 7, what is 5343 - -21?
5364
In base 2, what is 1010000101 + 1?
1010000110
In base 16, what is -1 - 1f1e?
-1f1f
In base 10, what is -136 + -1889?
-2025
In base 8, what is -6 + 12002?
11774
In base 2, what is -10111100 - -11010011011?
10111011111
In base 4, what is -2321231 - -31?
-2321200
In base 14, what is 948 + -166?
7c2
In base 5, what is -23 - -1201?
1123
In base 14, what is -2a70c3 - -2?
-2a70c1
In base 3, what is 102120010010 + 2?
102120010012
In base 5, what is -1121043 - -3?
-1121040
In base 2, what is 10 - 100110111110?
-100110111100
In base 4, what is 32021022 + -30?
32020332
In base 10, what is 3 + -11795?
-11792
In base 11, what is 3 - -57732?
57735
In base 5, what is 33 - -4033220?
4033303
In base 11, what is 9 - -4700?
4709
In base 11, what is a970 + 475?
10335
In base 7, what is -1 - -123154?
123153
In base 13, what is 92 - -4ca?
58c
In base 16, what is -471 + -b?
-47c
In base 11, what is -3 - 826404?
-826407
In base 8, what is -75 - 3214?
-3311
In base 4, what is 20102121130 - -2?
20102121132
In base 12, what is -5 + -7735a?
-77363
In base 16, what is 10b - -41e?
529
In base 3, what is 1211121 - 1011?
1210110
In base 16, what is 118 + 22f0?
2408
In base 16, what is -59 - 21?
-7a
In base 10, what is -24 - -124329?
124305
In base 2, what is -100001111111111000 + 0?
-100001111111111000
In base 8, what is -4 + 6272?
6266
In base 14, what is -1416 - 33?
-1449
In base 6, what is 403232 + 4?
403240
In base 7, what is 1563 - 5?
1555
In base 7, what is 143 - 2366?
-2223
In base 13, what is 8 + 18212?
1821a
In base 15, what is 767 - -b?
773
In base 16, what is 5 + -c890?
-c88b
In base 13, what is -a3 - 19783?
-19856
In base 14, what is 4d27 - -28?
4d51
In base 13, what is 8b1a74 + 3?
8b1a77
In base 15, what is -3526 + -3?
-3529
In base 4, what is -11 - -201223320?
201223303
In base 11, what is -81378 - 2?
-8137a
In base 8, what is 2162 + -4557?
-2375
In base 13, what is 571 + -1606?
-1065
In base 16, what is 67cbc + -3?
67cb9
In base 13, what is 7b0 - 9c?
711
In base 13, what is -bc21 - -3?
-bc1b
In base 15, what is -23d3 - 4?
-23d7
In base 11, what is 14 - 148?
-134
In base 11, what is -164 - -27?
-138
In base 8, what is -15762 - 175?
-16157
In base 8, what is -20 + -52225?
-52245
In base 16, what is 4 + 15d0?
15d4
In base 13, what is -10023 - 5?
-10028
In base 11, what is -8aa60 + 2?
-8aa59
In base 7, what is 3 + -234335?
-234332
In base 2, what is -10110100 + -1010110111?
-1101101011
In base 14, what is 70367 - -2?
70369
In base 6, what is -531 + -122?
-1053
In base 13, what is 553b7 - 0?
553b7
In base 6, what is -12443 - -131?
-12312
In base 6, what is 35451 - -2?
35453
In base 7, what is 660322 - -1?
660323
In base 10, what is 6528 - -1?
6529
In base 4, what is 120 + -13230?
-13110
In base 9, what is -28270 - -158?
-28111
In base 4, what is 202303101 - 3?
202303032
In base 14, what is 8 + -b68?
-b60
In base 10, what is 235081 + 1?
235082
In base 16, what is -4 - -c7ae0?
c7adc
In base 15, what is 4 - 8eb69?
-8eb65
In base 6, what is 22 - 2321223?
-2321201
In base 15, what is 10 + -1144?
-1134
In base 14, what is 1c28 - -1?
1c29
In base 8, what is -135501 + 30?
-135451
In base 9, what is -201137 - 5?
-201143
In base 4, what is 11120333100 - 11?
11120333023
In base 5, what is 4401 - -1411?
11312
In base 4, what is 2232201323 + -1?
2232201322
In base 7, what is -263 - 1451?
-2044
In base 2, what is 101 - -100110001010010010110?
100110001010010011011
In base 2, what is -1110001110101110000111 + -10?
-1110001110101110001001
In base 13, what is -237 - -907?
6a0
In base 11, what is 2 - -6549?
6550
In base 6, what is 5 + -42521?
-42512
In base 2, what is 1111011001010110 + 100?
1111011001011010
In base 5, what is -1 - 2303423?
-2303424
In base 14, what is -2d01 - -10?
-2cd1
In base 5, what is -2011340 - -40?
-2011300
In base 8, what is -4 + -626750?
-626754
In base 8, what is -16 - -5475?
5457
In base 7, what is 24 + -144?
-120
In base 15, what is -3 + -39a9?
-39ac
In base 7, what is -21556 - -543?
-21013
In base 14, what is -10 + 291?
281
In base 15, what is 3 + -7703?
-7700
In base 2, what is -10010100 + -10011110000100?
-10100000011000
In base 4, what is -10 - 12131330221?
-12131330231
In base 8, what is -1 - 44612?
-44613
In base 5, what is -23 + -4333443?
-4334021
In base 10, what is -9028 - 7?
-9035
In base 4, what is 11301221 + -32?
11301123
In base 4, what is 30013012 - -3?
30013021
In base 11, what is -395650 - -2?
-395649
In base 4, what is 313122230 + -11?
313122213
In base 6, what is -1 + -10342055?
-10342100
In base 4, what is 20 - 33112102?
-33112022
In base 9, what is -2 - 8033?
-8035
In base 11, what is 11399 - 32?
11367
In base 9, what is -468710 - -7?
-468702
In base 9, what is 236 + -1?
235
In base 9, what is -23521 - -4?
-23516
In base 14, what is -63306 + -2?
-63308
In base 16, what is -1c82a + 3?
-1c827
In base 8, what is -21 + -41?
-62
In base 6, what is -123034 - -220?
-122414
In base 3, what is -20 - -2201210200?
2201210110
In base 6, what is 35251 - 15?
35232
In base 10, what is -35 + 5415?
5380
In base 3, what is 2001121211001 + 1?
2001121211002
In base 9, what is -11333151 - -2?
-11333148
In base 11, what is 630 + -101?
52a
In base 7, what is 41 + -2100?
-2026
In b